635769?
False
Is 2350832 a multiple of 57?
False
Does 162 divide 2403427?
False
Is 414 a factor of 254610?
True
Is 222 a factor of 681580?
False
Is 307925 a multiple of 571?
False
Does 15 divide 464835?
True
Is 98 a factor of 106937?
False
Does 18 divide 222202?
False
Is 3021947 a multiple of 9?
False
Is 5079141 a multiple of 9?
True
Is 21 a factor of 6985?
False
Is 36 a factor of 32198?
False
Is 22 a factor of 169087?
False
Does 536 divide 1908160?
True
Is 3852357 a multiple of 933?
True
Does 31 divide 250041?
False
Is 2693733 a multiple of 21?
True
Does 11 divide 79066?
False
Is 71 a factor of 80348?
False
Is 30 a factor of 1713170?
False
Is 85 a factor of 31790?
True
Is 2639733 a multiple of 67?
True
Does 36 divide 796832?
False
Is 162910 a multiple of 250?
False
Does 18 divide 21573?
False
Does 22 divide 741070?
True
Does 15 divide 21345?
True
Does 32 divide 822080?
True
Is 445236 a multiple of 44?
True
Does 11 divide 1382986?
True
Does 14 divide 1849176?
True
Is 7531353 a multiple of 6?
False
Is 104 a factor of 999610?
False
Is 2 a factor of 1872830?
True
Does 307 divide 1812105?
False
Is 1901436 a multiple of 193?
True
Is 28 a factor of 11160?
False
Is 25 a factor of 930925?
True
Is 5965477 a multiple of 23?
False
Is 264013 a multiple of 344?
False
Is 699 a factor of 220185?
True
Does 11 divide 980009?
False
Is 136 a factor of 1358368?
True
Is 5904320 a multiple of 11?
False
Is 1533945 a multiple of 35?
True
Does 58 divide 963293?
False
Does 219 divide 2624934?
True
Is 10 a factor of 2675305?
False
Is 280 a factor of 27720?
True
Is 4 a factor of 526964?
True
Is 825250 a multiple of 25?
True
Is 903727 a multiple of 319?
True
Is 529 a factor of 935898?
False
Is 16 a factor of 5121323?
False
Does 69 divide 397152?
False
Does 333 divide 1389609?
True
Is 62 a factor of 918654?
True
Is 20 a factor of 279136?
False
Does 23 divide 154169?
True
Does 563 divide 19285760?
False
Is 5 a factor of 8192340?
True
Is 6261177 a multiple of 111?
True
Is 92 a factor of 11184164?
True
Is 1910046 a multiple of 709?
True
Is 4 a factor of 78853?
False
Is 1095463 a multiple of 231?
False
Is 460860 a multiple of 6?
True
Is 2 a factor of 57726?
True
Is 142 a factor of 35348?
False
Does 231 divide 465589?
False
Is 328860 a multiple of 45?
True
Does 27 divide 2203628?
False
Does 15 divide 429330?
True
Is 119 a factor of 1210807?
False
Is 3360808 a multiple of 1028?
False
Is 1496672 a multiple of 16?
True
Is 3 a factor of 4883723?
False
Does 174 divide 87870?
True
Is 316 a factor of 454724?
True
Is 109 a factor of 8366265?
False
Is 974064 a multiple of 273?
True
Is 7863472 a multiple of 107?
False
Does 564 divide 4598856?
True
Is 137600 a multiple of 16?
True
Does 247 divide 4499105?
True
Does 144 divide 71856?
True
Does 25 divide 393678?
False
Does 340 divide 57800?
True
Is 160908 a multiple of 33?
True
Is 195567 a multiple of 57?
True
Is 171182 a multiple of 31?
True
Is 60 a factor of 8972640?
True
Is 199 a factor of 3656089?
False
Is 243165 a multiple of 195?
True
Does 258 divide 2040350?
False
Is 110 a factor of 122297?
False
Is 19 a factor of 34386?
False
Is 5412261 a multiple of 1274?
False
Is 6 a factor of 3513156?
True
Is 111 a factor of 102564?
True
Is 9629820 a multiple of 51?
True
Is 12 a factor of 195876?
True
Does 319 divide 2606436?
False
Is 8013500 a multiple of 20?
True
Is 75 a factor of 280057?
False
Is 340431 a multiple of 11?
False
Does 357 divide 552434?
False
Does 21 divide 370020?
True
Is 130 a factor of 505501?
False
Does 1703 divide 35292972?
True
Is 311090 a multiple of 13?
True
Does 17 divide 2099874?
True
Is 255 a factor of 4590?
True
Is 2401692 a multiple of 122?
True
Is 58 a factor of 383380?
True
Is 238 a factor of 175802?
False
Is 110 a factor of 177969?
False
Is 845858 a multiple of 13?
True
Is 64856 a multiple of 67?
True
Is 35 a factor of 25217958?
False
Is 41021 a multiple of 5?
False
Does 465 divide 413083?
False
Is 5199263 a multiple of 10?
False
Is 372024 a multiple of 18?
True
Does 5 divide 134936?
False
Is 9142 a multiple of 7?
True
Is 37026 a multiple of 6?
True
Is 22938 a multiple of 3?
True
Is 50 a factor of 870657?
False
Is 1668467 a multiple of 314?
False
Is 140 a factor of 1554561?
False
Is 6396925 a multiple of 25?
True
Is 7205428 a multiple of 94?
False
Is 62 a factor of 9434066?
False
Is 113488 a multiple of 173?
True
Is 207928 a multiple of 632?
True
Is 26 a factor of 180830?
True
Is 12 a factor of 434494?
False
Is 96069 a multiple of 186?
False
Is 876 a multiple of 75?
False
Is 57 a factor of 3880902?
True
Is 7 a factor of 883554?
True
Is 16 a factor of 3436928?
True
Is 38 a factor of 2400612?
True
Does 20 divide 3117101?
False
Is 10148852 a multiple of 94?
False
Is 18 a factor of 2173612?
False
Is 695 a factor of 6142410?
True
Is 2521 a factor of 15937762?
True
Does 28 divide 191800?
True
Is 2 a factor of 42130?
True
Does 1155 divide 9058546?
False
Is 277 even?
False
Is 34248 a multiple of 9?
False
Does 165 divide 495330?
True
Does 616 divide 655115?
False
Does 69 divide 18142412?
False
Does 23 divide 5532973?
False
Is 246 a factor of 2068614?
True
Is 77265 a multiple of 17?
True
Does 4 divide 376926?
False
Does 23 divide 208723?
False
Does 29 divide 1271455?
False
Is 29 a factor of 18783?
False
Does 469 divide 219961?
True
Is 575 a factor of 3947375?
True
Does 16 divide 672416?
True
Is 387151 a multiple of 24?
False
Is 5 a factor of 2298637?
False
Is 93798 a multiple of 162?
True
Is 19 a factor of 3924678?
True
Is 94 a factor of 5039716?
True
Is 134662 a multiple of 623?
False
Is 41 a factor of 3999183?
False
Is 4849474 a multiple of 20?
False
Is 25 a factor of 1799925?
True
Is 62 a factor of 541382?
False
Is 2170416 a multiple of 8?
True
Is 2271835 a multiple of 31?
True
Is 6266860 a multiple of 67?
False
Does 219 divide 386540?
False
Is 2098520 a multiple of 174?
False
Does 527 divide 2021572?
True
Is 33 a factor of 73359?
True
Does 17 divide 1390872?
True
Is 991260 a multiple of 9?
True
Is 18 a factor of 2651622?
False
Does 73 divide 140466?
False
Does 31 divide 2499189?
True
Is 67 a factor of 4354263?
True
Is 144819 a multiple of 3?
True
Is 417 a factor of 196628?
False
Is 104312 a multiple of 80?
False
Is 22 a factor of 25053?
False
Does 551 divide 3837164?
True
Is 6295400 a multiple of 24?
False
Is 48 a multiple of 4?
True
Does 1354 divide 1098094?
True
Is 7 a factor of 175660?
False
Is 21997150 a multiple of 350?
True
Does 121 divide 996193?
True
Is 78 a factor of 459106?
False
Is 249 a factor of 610299?
True
Is 214 a factor of 196880?
True
Is 264840 a multiple of 40?
True
Is 117 a factor of 49102?
False
Does 282 divide 93624?
True
Is 510 a factor of 1254090?
True
Is 1559385 a multiple of 9?
True
Is 698947 a multiple of 10?
False
Is 43 a factor of 1694046?
False
Is 62 a factor of 373924?
False
Is 296 a factor of 1352038?
False
Is 1846773 a multiple of 636?
False
Is 776 a factor of 10246304?
True
Does 214 divide 104520?
False
Is 10806067 a multiple of 493?
True
Does 101 divide 777828?
False
Does 4 divide 782605?
False
Is 8646967 a multiple of 8?
False
Is 2186359 a multiple of 24?
False
Is 3383275 a multiple of 35?
True
Does 28 divide 2314949?
False
Does 414 divide 3618506?
False
Is 34 a factor of 2158728?
True
Is 541638 a multiple of 194?
False
Does 388 divide 521678?
False
Is 1046768 a multiple of 4?
True
Is 106925 a multiple of 47?
True
Is 41 a factor of 4708112?
True
Does 363 divide 114694?
False
Is 534060 a multiple of 46?
True
Is 8764946 a multiple of 151?
True
Is 59 a factor of 1445517?
False
Is 13746766 a multiple of 234?
False
Is 799987 a multiple of 47?
True
Is 50 a factor of 378350?
True
Is 24 a factor of 372000?
True
Is 889290 a multiple of 246?
True
Is 162 a factor of 1362754?
False
Is 59 a factor of 3526371?
True
Is 45 a factor of 6753?
False
Is 12 a factor of 9725?
False
Does 99 divide 15057?
False
Is 67 a factor of 149008?
True
Is 14 a factor of 1445584?
True
Is 28 a factor of 968415?
False
Is 379960 a multiple of 56?
True
Is 46 a factor of 97198?
True
Does 3 divide 29004?
True
Does 8 divide 454888?
True
Is 14933 a multiple of 6?
False
Is 398 a factor of 6614072?
False
Is 187958 a multiple of 19?
False
Is 738496 a multiple of 403?
False
Does 66 divide 971388?
True
Is 7941872 a multiple of 